{"id":41,"date":"2023-08-26T12:47:44","date_gmt":"2023-08-26T10:47:44","guid":{"rendered":"http:\/\/ugltgaz.cluster021.hosting.ovh.net\/?page_id=41"},"modified":"2024-02-07T21:27:03","modified_gmt":"2024-02-07T20:27:03","slug":"accueil","status":"publish","type":"page","link":"https:\/\/stylword.com\/index.php\/fr\/accueil\/","title":{"rendered":"Stylword : Traduction de qualit\u00e9 | Agence de traduction experte"},"content":{"rendered":"\n<div class=\"wp-block-cover alignfull wp-duotone-duotone-2\" style=\"margin-top:0;padding-top:48px;padding-right:16px;padding-bottom:48px;padding-left:16px;min-height:40vh;aspect-ratio:unset;\"><span aria-hidden=\"true\" class=\"wp-block-cover__background has-background-dim-30 has-background-dim\"><\/span><img loading=\"lazy\" decoding=\"async\" width=\"2048\" height=\"2560\" class=\"wp-block-cover__image-background wp-image-128\" alt=\"\" src=\"https:\/\/stylword.com\/wp-content\/uploads\/2024\/01\/pawel-nolbert-4u2U8EO9OzY-unsplash-scaled.jpg\" data-object-fit=\"cover\" srcset=\"https:\/\/stylword.com\/wp-content\/uploads\/2024\/01\/pawel-nolbert-4u2U8EO9OzY-unsplash-scaled.jpg 2048w, https:\/\/stylword.com\/wp-content\/uploads\/2024\/01\/pawel-nolbert-4u2U8EO9OzY-unsplash-240x300.jpg 240w, https:\/\/stylword.com\/wp-content\/uploads\/2024\/01\/pawel-nolbert-4u2U8EO9OzY-unsplash-819x1024.jpg 819w, https:\/\/stylword.com\/wp-content\/uploads\/2024\/01\/pawel-nolbert-4u2U8EO9OzY-unsplash-768x960.jpg 768w, https:\/\/stylword.com\/wp-content\/uploads\/2024\/01\/pawel-nolbert-4u2U8EO9OzY-unsplash-1229x1536.jpg 1229w, https:\/\/stylword.com\/wp-content\/uploads\/2024\/01\/pawel-nolbert-4u2U8EO9OzY-unsplash-1638x2048.jpg 1638w\" sizes=\"auto, (max-width: 2048px) 100vw, 2048px\" \/><div class=\"wp-block-cover__inner-container is-layout-flow wp-block-cover-is-layout-flow\">\n<div class=\"wp-block-group is-layout-flow wp-container-core-group-is-layout-feb24848 wp-block-group-is-layout-flow\">\n<h1 class=\"wp-block-heading has-text-align-center has-white-color has-text-color\" style=\"font-size:clamp(37.821px, 2.364rem + ((1vw - 3.2px) * 3.352), 70px);font-style:normal;font-weight:700;letter-spacing:0px;line-height:1;text-transform:uppercase\">Expertise en <br>traduction technique <br>anglais et fran\u00e7ais<\/h1>\n<\/div>\n<\/div><\/div>\n\n\n\n<div style=\"height:48px\" aria-hidden=\"true\" class=\"wp-block-spacer\"><\/div>\n\n\n\n<div class=\"wp-block-media-text alignwide is-stacked-on-mobile is-image-fill\" style=\"margin-right:0;margin-left:0;padding-right:0;padding-left:0;grid-template-columns:37% auto\"><figure class=\"wp-block-media-text__media\" style=\"background-image:url(https:\/\/stylword.com\/wp-content\/uploads\/2024\/01\/domenico-loia-hGV2TfOh0ns-unsplash-1024x683.jpg);background-position:50% 50%\"><img loading=\"lazy\" decoding=\"async\" width=\"1024\" height=\"683\" src=\"https:\/\/stylword.com\/wp-content\/uploads\/2024\/01\/domenico-loia-hGV2TfOh0ns-unsplash-1024x683.jpg\" alt=\"\" class=\"wp-image-129 size-full\" srcset=\"https:\/\/stylword.com\/wp-content\/uploads\/2024\/01\/domenico-loia-hGV2TfOh0ns-unsplash-1024x683.jpg 1024w, https:\/\/stylword.com\/wp-content\/uploads\/2024\/01\/domenico-loia-hGV2TfOh0ns-unsplash-300x200.jpg 300w, https:\/\/stylword.com\/wp-content\/uploads\/2024\/01\/domenico-loia-hGV2TfOh0ns-unsplash-768x512.jpg 768w, https:\/\/stylword.com\/wp-content\/uploads\/2024\/01\/domenico-loia-hGV2TfOh0ns-unsplash-1536x1024.jpg 1536w, https:\/\/stylword.com\/wp-content\/uploads\/2024\/01\/domenico-loia-hGV2TfOh0ns-unsplash-2048x1365.jpg 2048w\" sizes=\"auto, (max-width: 1024px) 100vw, 1024px\" \/><\/figure><div class=\"wp-block-media-text__content\">\n<h4 class=\"wp-block-heading\" style=\"margin-right:0;margin-left:0\"><strong>Votre temps est pr\u00e9cieux, et vos documents urgents.<\/strong><\/h4>\n\n\n\n<p class=\"has-medium-font-size\">Vous avez besoin d&rsquo;une traduction impeccable de l&rsquo;anglais vers le fran\u00e7ais, dans un d\u00e9lai serr\u00e9 et sans exploser votre budget ?<\/p>\n\n\n\n<p><strong>Faites confiance \u00e0 StylWord pour une traduction professionnelle et sur mesure.<\/strong><\/p>\n\n\n\n<p><\/p>\n\n\n\n<div class=\"wp-block-buttons is-layout-flex wp-block-buttons-is-layout-flex\">\n<div class=\"wp-block-button is-style-fill\"><a class=\"wp-block-button__link wp-element-button\" href=\"https:\/\/stylword.com\/index.php\/fr\/contact\/\">Contactez-nous<\/a><\/div>\n<\/div>\n<\/div><\/div>\n\n\n\n<div style=\"height:48px\" aria-hidden=\"true\" class=\"wp-block-spacer\"><\/div>\n\n\n\n<div class=\"wp-block-columns alignwide is-layout-flex wp-container-core-columns-is-layout-28f84493 wp-block-columns-is-layout-flex\">\n<div class=\"wp-block-column is-layout-flow wp-block-column-is-layout-flow\">\n<p>StylWord vous garantit :<\/p>\n\n\n\n<ul class=\"wp-block-list\">\n<li><strong>Une traduction pr\u00e9cise et fluide<\/strong>\u00a0:\u00a0notre expertise garantit un rendu impeccable,\u00a0sans aucune trace de traduction.<\/li>\n\n\n\n<li><strong>Un style adapt\u00e9 \u00e0 votre secteur d&rsquo;activit\u00e9<\/strong>\u00a0:\u00a0nous utilisons la terminologie appropri\u00e9e pour une communication claire et efficace.<\/li>\n\n\n\n<li><strong>Un texte exempt d&rsquo;erreurs<\/strong>\u00a0:\u00a0notre rigueur garantit une traduction irr\u00e9prochable.<\/li>\n<\/ul>\n\n\n\n<p><strong>Confiez-nous vos documents et b\u00e9n\u00e9ficiez d&rsquo;une traduction de qualit\u00e9 sup\u00e9rieure \u00e0 un prix comp\u00e9titif.<\/strong><\/p>\n\n\n\n<p><\/p>\n\n\n\n<p>Forte d&rsquo;une exp\u00e9rience de plus de 36 ans, StylWord est sp\u00e9cialis\u00e9e dans la traduction de l&rsquo;anglais vers le fran\u00e7ais dans le domaine informatique.<\/p>\n\n\n\n<p>Nous avons r\u00e9alis\u00e9 de nombreux projets pour une large client\u00e8le, couvrant une grande vari\u00e9t\u00e9 de domaines.<\/p>\n\n\n\n<p><strong>StylWord utilise des outils de traduction de pointe pour stocker le texte traduit et le r\u00e9utiliser.<\/strong> Cela permet non seulement de gagner du temps et d&rsquo;assurer la coh\u00e9rence terminologique, mais aussi de proposer des tarifs plus avantageux aux clients. En effet, le texte d\u00e9j\u00e0 traduit n&rsquo;est pas refactur\u00e9, ce qui fait baisser le co\u00fbt de la traduction au fil du temps.<\/p>\n<\/div>\n<\/div>\n\n\n\n<div class=\"wp-block-buttons is-content-justification-center is-layout-flex wp-container-core-buttons-is-layout-a89b3969 wp-block-buttons-is-layout-flex\">\n<div class=\"wp-block-button has-custom-font-size has-medium-font-size\"><a class=\"wp-block-button__link has-white-color has-vivid-cyan-blue-background-color has-text-color has-background has-link-color wp-element-button\" href=\"https:\/\/stylword.com\/index.php\/fr\/contact\/\">Nous contacter<\/a><\/div>\n<\/div>\n\n\n\n<div style=\"height:64px\" aria-hidden=\"true\" class=\"wp-block-spacer\"><\/div>\n\n\n\n<p><\/p>\n","protected":false},"excerpt":{"rendered":"<p>StylWord vous garantit : Confiez-nous vos documents et b\u00e9n\u00e9ficiez d&rsquo;une traduction de qualit\u00e9 sup\u00e9rieure \u00e0 un prix comp\u00e9titif. Forte d&rsquo;une exp\u00e9rience de plus de 36 ans, StylWord est sp\u00e9cialis\u00e9e dans la traduction de l&rsquo;anglais vers le fran\u00e7ais dans le domaine informatique. Nous avons r\u00e9alis\u00e9 de nombreux projets pour une large client\u00e8le, couvrant une grande vari\u00e9t\u00e9 [&hellip;]<\/p>\n","protected":false},"author":1,"featured_media":0,"parent":0,"menu_order":0,"comment_status":"closed","ping_status":"closed","template":"","meta":{"footnotes":""},"class_list":["post-41","page","type-page","status-publish","hentry"],"yoast_head":"<!-- This site is optimized with the Yoast SEO plugin v21.9.1 - https:\/\/yoast.com\/wordpress\/plugins\/seo\/ -->\n<title>Stylword : Traduction de qualit\u00e9 | Agence de traduction experte -<\/title>\n<meta name=\"description\" content=\"Stylword, agence de traduction experte, vous propose des traductions de qualit\u00e9 dans tous les domaines d&#039;activit\u00e9. Devis gratuit.\" \/>\n<meta name=\"robots\" content=\"index, follow, max-snippet:-1, max-image-preview:large, max-video-preview:-1\" \/>\n<link rel=\"canonical\" href=\"https:\/\/stylword.com\/index.php\/fr\/accueil\/\" \/>\n<meta property=\"og:locale\" content=\"fr_FR\" \/>\n<meta property=\"og:type\" content=\"article\" \/>\n<meta property=\"og:title\" content=\"Stylword : Traduction de qualit\u00e9 | Agence de traduction experte -\" \/>\n<meta property=\"og:description\" content=\"Stylword, agence de traduction experte, vous propose des traductions de qualit\u00e9 dans tous les domaines d&#039;activit\u00e9. Devis gratuit.\" \/>\n<meta property=\"og:url\" content=\"https:\/\/stylword.com\/index.php\/fr\/accueil\/\" \/>\n<meta property=\"article:modified_time\" content=\"2024-02-07T20:27:03+00:00\" \/>\n<meta property=\"og:image\" content=\"https:\/\/stylword.com\/wp-content\/uploads\/2024\/01\/pawel-nolbert-4u2U8EO9OzY-unsplash-scaled.jpg\" \/>\n<meta name=\"twitter:card\" content=\"summary_large_image\" \/>\n<meta name=\"twitter:label1\" content=\"Dur\u00e9e de lecture estim\u00e9e\" \/>\n\t<meta name=\"twitter:data1\" content=\"2 minutes\" \/>\n<script type=\"application\/ld+json\" class=\"yoast-schema-graph\">{\"@context\":\"https:\/\/schema.org\",\"@graph\":[{\"@type\":\"WebPage\",\"@id\":\"https:\/\/stylword.com\/index.php\/fr\/accueil\/\",\"url\":\"https:\/\/stylword.com\/index.php\/fr\/accueil\/\",\"name\":\"Stylword : Traduction de qualit\u00e9 | Agence de traduction experte -\",\"isPartOf\":{\"@id\":\"https:\/\/stylword.com\/#website\"},\"datePublished\":\"2023-08-26T10:47:44+00:00\",\"dateModified\":\"2024-02-07T20:27:03+00:00\",\"description\":\"Stylword, agence de traduction experte, vous propose des traductions de qualit\u00e9 dans tous les domaines d'activit\u00e9. Devis gratuit.\",\"breadcrumb\":{\"@id\":\"https:\/\/stylword.com\/index.php\/fr\/accueil\/#breadcrumb\"},\"inLanguage\":\"fr-FR\",\"potentialAction\":[{\"@type\":\"ReadAction\",\"target\":[\"https:\/\/stylword.com\/index.php\/fr\/accueil\/\"]}]},{\"@type\":\"BreadcrumbList\",\"@id\":\"https:\/\/stylword.com\/index.php\/fr\/accueil\/#breadcrumb\",\"itemListElement\":[{\"@type\":\"ListItem\",\"position\":1,\"name\":\"Accueil\",\"item\":\"https:\/\/stylword.com\/index.php\/fr\/accueil\/\"},{\"@type\":\"ListItem\",\"position\":2,\"name\":\"Stylword : Traduction de qualit\u00e9 | Agence de traduction experte\"}]},{\"@type\":\"WebSite\",\"@id\":\"https:\/\/stylword.com\/#website\",\"url\":\"https:\/\/stylword.com\/\",\"name\":\"Traduction professionnelle Anglais-Fran\u00e7ais\",\"description\":\"Traduction\",\"publisher\":{\"@id\":\"https:\/\/stylword.com\/#organization\"},\"potentialAction\":[{\"@type\":\"SearchAction\",\"target\":{\"@type\":\"EntryPoint\",\"urlTemplate\":\"https:\/\/stylword.com\/?s={search_term_string}\"},\"query-input\":\"required name=search_term_string\"}],\"inLanguage\":\"fr-FR\"},{\"@type\":\"Organization\",\"@id\":\"https:\/\/stylword.com\/#organization\",\"name\":\"StylWord\",\"url\":\"https:\/\/stylword.com\/\",\"logo\":{\"@type\":\"ImageObject\",\"inLanguage\":\"fr-FR\",\"@id\":\"https:\/\/stylword.com\/#\/schema\/logo\/image\/\",\"url\":\"https:\/\/stylword.com\/wp-content\/uploads\/2023\/08\/logo3.png\",\"contentUrl\":\"https:\/\/stylword.com\/wp-content\/uploads\/2023\/08\/logo3.png\",\"width\":332,\"height\":127,\"caption\":\"StylWord\"},\"image\":{\"@id\":\"https:\/\/stylword.com\/#\/schema\/logo\/image\/\"}}]}<\/script>\n<!-- \/ Yoast SEO plugin. -->","yoast_head_json":{"title":"Stylword : Traduction de qualit\u00e9 | Agence de traduction experte -","description":"Stylword, agence de traduction experte, vous propose des traductions de qualit\u00e9 dans tous les domaines d'activit\u00e9. Devis gratuit.","robots":{"index":"index","follow":"follow","max-snippet":"max-snippet:-1","max-image-preview":"max-image-preview:large","max-video-preview":"max-video-preview:-1"},"canonical":"https:\/\/stylword.com\/index.php\/fr\/accueil\/","og_locale":"fr_FR","og_type":"article","og_title":"Stylword : Traduction de qualit\u00e9 | Agence de traduction experte -","og_description":"Stylword, agence de traduction experte, vous propose des traductions de qualit\u00e9 dans tous les domaines d'activit\u00e9. Devis gratuit.","og_url":"https:\/\/stylword.com\/index.php\/fr\/accueil\/","article_modified_time":"2024-02-07T20:27:03+00:00","og_image":[{"url":"https:\/\/stylword.com\/wp-content\/uploads\/2024\/01\/pawel-nolbert-4u2U8EO9OzY-unsplash-scaled.jpg"}],"twitter_card":"summary_large_image","twitter_misc":{"Dur\u00e9e de lecture estim\u00e9e":"2 minutes"},"schema":{"@context":"https:\/\/schema.org","@graph":[{"@type":"WebPage","@id":"https:\/\/stylword.com\/index.php\/fr\/accueil\/","url":"https:\/\/stylword.com\/index.php\/fr\/accueil\/","name":"Stylword : Traduction de qualit\u00e9 | Agence de traduction experte -","isPartOf":{"@id":"https:\/\/stylword.com\/#website"},"datePublished":"2023-08-26T10:47:44+00:00","dateModified":"2024-02-07T20:27:03+00:00","description":"Stylword, agence de traduction experte, vous propose des traductions de qualit\u00e9 dans tous les domaines d'activit\u00e9. Devis gratuit.","breadcrumb":{"@id":"https:\/\/stylword.com\/index.php\/fr\/accueil\/#breadcrumb"},"inLanguage":"fr-FR","potentialAction":[{"@type":"ReadAction","target":["https:\/\/stylword.com\/index.php\/fr\/accueil\/"]}]},{"@type":"BreadcrumbList","@id":"https:\/\/stylword.com\/index.php\/fr\/accueil\/#breadcrumb","itemListElement":[{"@type":"ListItem","position":1,"name":"Accueil","item":"https:\/\/stylword.com\/index.php\/fr\/accueil\/"},{"@type":"ListItem","position":2,"name":"Stylword : Traduction de qualit\u00e9 | Agence de traduction experte"}]},{"@type":"WebSite","@id":"https:\/\/stylword.com\/#website","url":"https:\/\/stylword.com\/","name":"Traduction professionnelle Anglais-Fran\u00e7ais","description":"Traduction","publisher":{"@id":"https:\/\/stylword.com\/#organization"},"potentialAction":[{"@type":"SearchAction","target":{"@type":"EntryPoint","urlTemplate":"https:\/\/stylword.com\/?s={search_term_string}"},"query-input":"required name=search_term_string"}],"inLanguage":"fr-FR"},{"@type":"Organization","@id":"https:\/\/stylword.com\/#organization","name":"StylWord","url":"https:\/\/stylword.com\/","logo":{"@type":"ImageObject","inLanguage":"fr-FR","@id":"https:\/\/stylword.com\/#\/schema\/logo\/image\/","url":"https:\/\/stylword.com\/wp-content\/uploads\/2023\/08\/logo3.png","contentUrl":"https:\/\/stylword.com\/wp-content\/uploads\/2023\/08\/logo3.png","width":332,"height":127,"caption":"StylWord"},"image":{"@id":"https:\/\/stylword.com\/#\/schema\/logo\/image\/"}}]}},"_links":{"self":[{"href":"https:\/\/stylword.com\/index.php\/wp-json\/wp\/v2\/pages\/41","targetHints":{"allow":["GET"]}}],"collection":[{"href":"https:\/\/stylword.com\/index.php\/wp-json\/wp\/v2\/pages"}],"about":[{"href":"https:\/\/stylword.com\/index.php\/wp-json\/wp\/v2\/types\/page"}],"author":[{"embeddable":true,"href":"https:\/\/stylword.com\/index.php\/wp-json\/wp\/v2\/users\/1"}],"replies":[{"embeddable":true,"href":"https:\/\/stylword.com\/index.php\/wp-json\/wp\/v2\/comments?post=41"}],"version-history":[{"count":50,"href":"https:\/\/stylword.com\/index.php\/wp-json\/wp\/v2\/pages\/41\/revisions"}],"predecessor-version":[{"id":339,"href":"https:\/\/stylword.com\/index.php\/wp-json\/wp\/v2\/pages\/41\/revisions\/339"}],"wp:attachment":[{"href":"https:\/\/stylword.com\/index.php\/wp-json\/wp\/v2\/media?parent=41"}],"curies":[{"name":"wp","href":"https:\/\/api.w.org\/{rel}","templated":true}]}}